he thousands digit of (31005/25 - -1)/((-16)/(-40))?
3
Let b(v) = 35*v + 19. Let h(x) = 23*x + 13. Let t(k) = -5*b(k) + 8*h(k). What is the tens digit of t(7)?
7
Let t(d) = -d**3 + 7*d**2 - 4*d - 8. Let l = 6 + 0. Let g be t(l). Suppose -14 = -g*y + 74. What is the tens digit of y?
2
Let i(u) = 0 - 2*u**3 + 0*u**2 - 2*u**2 + 3 - 6*u + 3*u**3. What is the units digit of i(4)?
1
Let z = 18 - -5. Let p = z - 8. What is the tens digit of p?
1
Let m(p) = p**3 + 21*p**2 + 45*p + 15. What is the tens digit of m(-17)?
0
Suppose 10*m - 11*m + 9 = 0. Let a(b) = b**2 - 7*b + 2. What is the units digit of a(m)?
0
Let a be (-27 + 7)*(-2)/4. Suppose 0 = -4*q + 2*i - i + a, 12 = 4*q - 2*i. Suppose 3*s = 2*d - 4, 4*s + s - 20 = -q*d. What is the units digit of s?
2
Suppose 12*s - 10*s = 218. What is the hundreds digit of s?
1
Let a be (-844)/9 - (-7)/126*-4. Let z = -93 - a. What is the units digit of z?
1
Let u(r) = r**2 + 11*r + 2. Let f be (2 - 1)/(1/(-11)). Let q be u(f). Suppose -3*y - 13 = -5*y + 5*s, -4*s = -y + q. What is the tens digit of y?
1
Let a(r) be the third derivative of -r**6/120 - r**5/6 + 3*r**4/8 - 3*r**3/2 - 3*r**2. Let s be a(-11). Let n = 63 - s. What is the tens digit of n?
5
Let l(d) = 3*d**2 + 6*d + 22. What is the units digit of l(-6)?
4
Suppose 0*v - 3*v = -297. Suppose 0 = 2*c + c + v. Let w = -10 - c. What is the units digit of w?
3
Suppose 5*i - 1930 - 390 = 0. What is the units digit of i?
4
Let f(x) = -23*x - 1. Let p be f(1). Let o = 785 + -827. Let l = p - o. What is the units digit of l?
8
Let q = -1000 - -1310. What is the tens digit of q?
1
Let z(n) = -6*n**2. Let w be z(-1). What is the units digit of (-6)/w*1/1?
1
Suppose -7*h + 9*h - 10 = 0. Suppose -h*p + 816 - 231 = 0. What is the hundreds digit of p?
1
Let y(x) = 13*x**2 + 22*x - 122. What is the hundreds digit of y(9)?
1
Suppose 3*a = 5*c - 0*a + 19, 3*a = c - 1. Let o = 183 - 174. Let f = c + o. What is the units digit of f?
4
What is the units digit of (28/21)/(2/642)?
8
Suppose 0 = -d + 3*d + 276. Let m = d - -239. What is the units digit of m?
1
Let c be (-3)/(-5) + 12/(-20). Let k be 1/(-1 - c/3). What is the units digit of 1*(2 + k) + 3?
4
Suppose 5*i - j = 2015, 320 + 1263 = 4*i + 5*j. Suppose -19*z + i = -16*z. What is the units digit of z?
4
Suppose 144 = 3*a - 381. Let p = -85 + a. What is the units digit of p?
0
Let c = 123 + -51. What is the tens digit of c?
7
Let m(i) = 2*i - 13. Let y be m(6). What is the units digit of (2/(-6))/(y + (-654)/(-657))?
3
Let g = -7 - -8. What is the tens digit of (459/68)/(g/8)?
5
Let b(k) = -k**3 - k**2 - 2*k + 124. Let l(f) = -f**3 + 17*f**2 + 20*f - 36. Let i be l(18). What is the units digit of b(i)?
4
Suppose -130*z = -129*z - 2*x - 1043, 5*x = 5*z - 5200. What is the hundreds digit of z?
0
Let r be 4/7 - (-11292)/84. Let g = r + -84. What is the units digit of g?
1
Suppose -258 = 2*x + 362. Let n be 1/(-5) + x/(-50). What is the units digit of 3/n*(13 + 1)?
7
Let s(k) = -k**3 + 8*k**2 - 5*k - 18. Let r be s(7). Let w(o) = -2*o**3 + 3*o**2 - 2. Let y be w(2). What is the tens digit of (-519)/(-9) - r/y?
5
Let f(o) = o**3 - 8*o**2 + 2*o - 51. What is the tens digit of f(9)?
4
What is the units digit of ((-78)/8)/(213/(-2840))?
0
Suppose 0 = 3*j - 9*j + 12. Suppose 0 = -g - j*g + 660. What is the units digit of g?
0
Suppose 26*b + 6384 = 34*b. What is the hundreds digit of b?
7
Let h(v) = -v**2 - 10*v - 21. Let a be h(-15). Let o = a - -148. What is the tens digit of o?
5
Let j(m) = m**3 - m**2 - 5*m + 6. Let r(o) = o**3 - 4*o**2 + o + 1. Let i be r(4). What is the tens digit of j(i)?
8
Let v be -207*(-2 - 6/9). Suppose 5*i = 538 + v. What is the tens digit of i?
1
Suppose 11 = 4*l + 5*b, 5 = -5*l + 3*l + b. What is the units digit of (l - (-2)/(-1))*-25?
5
Let h = 1626 + -557. What is the tens digit of h?
6
Let r = 626 + -282. Suppose 2*g + r = 6*g. What is the tens digit of g?
8
Let t = 24 + -28. Let u(j) = -j**3 - 3*j**2 + 8. Let v be u(t). Suppose 0 = -5*p + v + 26. What is the units digit of p?
0
Let m(q) = q**3 + 17*q**2 - 40*q - 30. Let h be m(-19). Suppose h*t - 828 - 140 = 0. What is the units digit of t?
1
Let a be 7/(4 + -1 + -2). Suppose 7*b + i = 6*b - 5, 4*b = 5*i + a. What is the units digit of b/9 + (-141)/(-27)?
5
Let z = 12 - 10. Let u(k) = k**z - 2*k**2 - 2 + 7*k**2 + k. What is the tens digit of u(2)?
2
Let t be 53 - -3 - (-1 - -5). Suppose 0 = m - o - 128, 0 = -m - 5*o + 52 + t. What is the hundreds digit of m?
1
Let m(p) = 2*p**2 - 7*p + 10. Let x = -57 - -64. What is the units digit of m(x)?
9
Let c = 0 + 14. Suppose 4*k = c*k - 1510. What is the hundreds digit of k?
1
Suppose -20*l = -2754 - 1806. What is the tens digit of l?
2
Suppose 5*d + 0*d = -d. Suppose d = -5*y + 25, 458 = -2*c + 5*c + 4*y. What is the units digit of c?
6
Let x(n) = 344*n**2 - 15. What is the units digit of x(3)?
1
Let r(z) = -z**3 + 4*z**2 + 5*z + 3. Let s be r(5). Suppose -k + 2*l - 12 = -48, s*k - 116 = 4*l. What is the tens digit of k?
4
Let t = 164 - 153. Suppose 4*v - 92 = -0*v. Suppose g - t = v. What is the tens digit of g?
3
Let z = 108 - -239. What is the units digit of z?
7
What is the units digit of -8 + 325/39 + 32410/6?
2
Let h be (22/(-2))/(2/(-22)). Let r be 171/54 - (-25)/30. Suppose -5*a + h = -r. What is the units digit of a?
5
Let b(y) = -y + 10. Let d be b(6). What is the units digit of (-5)/((-20)/6)*d?
6
Suppose -3*k + 1797 = v, -995 = -2*k - 4*v + 203. What is the hundreds digit of k?
5
Let n(z) = -9*z**2 + 3*z**3 + 190 - 3*z**2 + 3*z - 186. What is the tens digit of n(5)?
9
Let i(z) = -z**3 + 2*z**2 + z. Let m be i(2). Suppose 5*w - 15 = m*w. Suppose -w*j + 3*x - 5*x + 66 = 0, 3*j + x - 39 = 0. What is the tens digit of j?
1
Let f = 59 - 142. Let l = -57 - f. What is the units digit of l?
6
Suppose -8 = -4*a + 36. Suppose -4*q - a = -59. Suppose 7*b - q = 3*b. What is the units digit of b?
3
Suppose -3*y = -y - 70. Let m = y + 234. Suppose 3*a = 2*k - 113, 5*a = 5*k + 2*a - m. What is the tens digit of k?
5
What is the units digit of 718 - (2 + -5 + -1)?
2
Let s(w) = -w + 26. Let p be s(8). Let h = p - 16. Suppose 4*l = -h*x + 44, -72 = -x - x + 3*l. What is the tens digit of x?
3
Let x = -111 - -166. Let z = 131 - x. What is the units digit of z?
6
Let l(p) = -p - 1. Let k be l(-11). Suppose -455 = -k*i + 1045. What is the units digit of i?
0
Let g = 61 - 59. Suppose g*b - 307 = -2*h + 93, -h = -3. What is the tens digit of b?
9
Suppose -35 = 7*g - 2*g. What is the tens digit of -46*(-5 + (-3 - g))?
4
Let l(h) = -10*h + 19. What is the tens digit of l(-20)?
1
Suppose -2*p = -4*o - 92, -3*p - 2*o + 68 = -54. Suppose n - p = -0*n. What is the tens digit of n?
4
Suppose 3*t = t + 8. Let b be (-3)/(-12) + 47/t. Suppose 0 = 3*g - 6 - b. What is the units digit of g?
6
Let c be 17*1/1 + -4. Suppose 72 = -10*n + c*n. What is the units digit of n?
4
Suppose 7*p - 1078 - 56 = 0. Suppose 0*m = 2*m - p. What is the units digit of m?
1
Let u(h) = h**2. Let j(o) = o**3 + 2*o**2 - o + 1. Let f(k) = j(k) + u(k). Let d be 3/12 + (-21)/(-12). What is the tens digit of f(d)?
1
Let o(d) = 3*d**3 + 10*d**2 - 7*d - 9. Let y = 3 + -5. Let k(f) = -10*f**3 - 31*f**2 + 21*f + 26. Let g(c) = y*k(c) - 7*o(c). What is the units digit of g(-9)?
9
Let r = 3257 - 2241. What is the tens digit of r?
1
Suppose -5*y + 6 + 4 = 0. Suppose -g + 10 = -c, -24 - y = -3*g + 2*c. Suppose -g*i + x = -i - 53, 5*x + 34 = 4*i. What is the tens digit of i?
1
Suppose 3*x = -5*v - 168, 0*x - 2*x - 68 = 2*v. Let q be v/9*(2 + -5). Let u = 23 - q. What is the units digit of u?
2
Suppose 0 = -s - s + 90. Suppose 6*t = t - s. What is the units digit of ((-3)/t)/(4/528)?
4
Let p = 83 + -49. Let a = 63 - p. What is the tens digit of a?
2
Let f be (-3)/((-3)/(-10))*-2. Suppose -5*h + h + f = 0. Suppose -13 = -2*p - 5*y, -p + 2*y + 5 = h*y. What is the units digit of p?
4
Let b(s) = -2*s - 7. Let o be b(-15). Suppose 4*l + 12 = 0, l = -f + o + 37. What is the tens digit of f?
6
Let v = 589 - 205. What is the hundreds digit of v?
3
Let g(t) = -t**3 - 9*t**2 - 7*t + 9. Let w(c) = c. Let r(m) = -g(m) + 6*w(m). What is the units digit of r(-6)?
1
Let f = -116 - -1368. What is the units digit of f?
2
Let r(d) = -621*d - 256. What is the units digit of